*j - 190 + 69 = 5*s, m*j - 148 = -4*s. What are the prime factors of j?
2, 17
Let p be (-98)/21 - 5/(-3). List the prime factors of p - 1 - (0 + -235).
3, 7, 11
Let k(f) = 3*f**3 + 2*f**2 - 16*f + 38. List the prime factors of k(3).
89
Let y be 12/(-12) + 0 + 0. Let f = 0 - y. Let p(k) = 19*k**3 + 2*k - 1. List the prime factors of p(f).
2, 5
Let s = -102 - -252. What are the prime factors of s?
2, 3, 5
Suppose 18*z - 166 = 16*z. Let t = 150 - z. What are the prime factors of t?
67
Suppose 3*q - 11 = 2*w - 184, -5*q + w = 293. Let b = -34 - q. Suppose b + 35 = 5*z. What are the prime factors of z?
2, 3
Let y(q) = 4 - q**3 + 4*q - 14*q**2 - 16 - 17*q**2 + 37*q**2. Let t(w) = -w**3 + 3*w**2 + 6*w - 3. Let h be t(4). What are the prime factors of y(h)?
3, 11
Let u(d) = d**3 + 13*d**2 - 3*d - 8. Let p be u(-12). Let o = p - 93. What are the prime factors of o?
79
Let u(b) be the third derivative of b**5/60 - 11*b**4/24 - 5*b**3/6 - 33*b**2. List the prime factors of u(15).
5, 11
Let u(m) = -m - 1. Let y be u(7). What are the prime factors of (2 + y)/((-4)/20)?
2, 3, 5
Suppose 5*c = -3*o - 88 + 363, -5*c + o = -255. Let d = c - 19. List the prime factors of d.
3, 11
Suppose -30*x = -44701 - 28499. List the prime factors of x.
2, 5, 61
Let u be (-295)/(-15)*(33 - 3). Suppose u = 5*d - 895. List the prime factors of d.
3, 11
List the prime factors of 11934/10 + -4 + (-253)/(-55).
2, 3, 199
Let z = 298 - 150. Let g = z + -44. What are the prime factors of g?
2, 13
Suppose -12*t = -22*t + 3210. List the prime factors of t.
3, 107
Suppose -4*r + 2107 = 595. List the prime factors of r.
2, 3, 7
Suppose b = -0*b + 31. What are the prime factors of b?
31
Suppose -g - 3*y + 298 = g, -3*y + 602 = 4*g. List the prime factors of g.
2, 19
Let s(j) = -89*j + 1. List the prime factors of s(-7).
2, 3, 13
Let t(q) = 15*q**2 + 5*q - 7. Let k(l) be the first derivative of 7*l**3/3 + 3*l**2/2 - 4*l + 6. Let x(w) = -5*k(w) + 3*t(w). List the prime factors of x(1).
3
Suppose -10*c - 12*c = -21604. List the prime factors of c.
2, 491
List the prime factors of (1776/10)/(-14 - (-1696)/120).
2, 3, 37
What are the prime factors of (64 - 63)*(-1 - -1337)?
2, 167
List the prime factors of 2396 - (-11)/((-55)/(-50)).
2, 3, 401
Let p = -452 + 532. List the prime factors of p.
2, 5
Let a(k) = 4*k + 901. What are the prime factors of a(9)?
937
Suppose 0*p + 4*g + 21 = p, 47 = 3*p - 4*g. Let y = p + -13. Suppose y = 2*r + 2*v - 14, 5*r - 2*r - 24 = -4*v. What are the prime factors of r?
2
Let m(u) = u**3 + 14*u**2 - 15*u + 19. List the prime factors of m(-14).
229
Suppose -4*d - 48 = 4*x, 0 = 4*d - x - 0*x + 68. Let q = d + 68. What are the prime factors of q?
2, 13
Let r(o) = 2*o**2 + 12*o + 23. Let s = -13 + 11. Let m(k) = 6*k**2 + 35*k + 70. Let a(v) = s*m(v) + 7*r(v). What are the prime factors of a(-9)?
3, 19
Let q(y) = 8*y - 16. Let o be q(8). Suppose z = 3*u + 36, -3*u - o = u + 2*z. List the prime factors of (42/u)/((-2)/4).
7
Suppose 0 = -2*q + 7 + 1. Suppose -q*t - 47 = -375. What are the prime factors of 6/9 + t/3?
2, 7
Let c(k) be the second derivative of 11*k**3/6 + 49*k**2/2 - 20*k. What are the prime factors of c(11)?
2, 5, 17
Let c = 1097 - -15. What are the prime factors of c?
2, 139
Let o(i) = 2*i - 9. Let u be o(-10). Let r = 34 - u. What are the prime factors of 2 + r/((-3)/(-1))?
23
Let y(t) = 13*t**2 - 166*t - 22. List the prime factors of y(19).
37, 41
Let h(n) = n**2 + 15*n + 20. Let v be h(-14). Suppose -4*f = -v*f + 8. What are the prime factors of f?
2
Suppose 7*f - 1329 - 2108 = 0. List the prime factors of f.
491
Let l(q) = q**2 - q + 3. Suppose 5 + 1 = 3*r. Suppose -2*z + 4*i = -30, -2*i - 20 = -0*z - r*z. What are the prime factors of l(z)?
23
Suppose 3455 = 3*u + 1139. What are the prime factors of u?
2, 193
Let v(f) = -f**2 - 17*f - 43. Let w be v(-14). Let s = w - -68. List the prime factors of s.
67
Suppose 80 = 2*n - 4*z, -41 = -n + 2*z - z. What are the prime factors of n?
2, 3, 7
Suppose 0 = -10*u + 8*u + 1040. List the prime factors of 18/(-12)*u/(-6).
2, 5, 13
Let j(m) = 9*m**2 - 10*m - 8. List the prime factors of j(-16).
2, 307
Let o(k) = 3*k**3 + k**2 - 2*k + 1. Let f be o(1). List the prime factors of 22/(-5)*(f + (-129)/3).
2, 11
Let y = 6165 - 2497. What are the prime factors of y?
2, 7, 131
Suppose -184*f + 2485 = -177*f. List the prime factors of f.
5, 71
Suppose i + i - h + 61 = 0, 0 = 2*i + h + 51. What are the prime factors of (i/6 - -2)*-18?
2, 3
Let a(q) = q**2 - 4*q + 1. Let i be a(7). Suppose 57 - i = 5*s. What are the prime factors of s?
7
Let h(d) = -25*d - 11. Let l be h(-5). Let i = 81 - l. What are the prime factors of (-46)/(-3) - (-11)/i?
3, 5
Let j = 2091 + 2530. What are the prime factors of j?
4621
Suppose -17 = -w - 1. What are the prime factors of (-12)/32 + 1238/w?
7, 11
Let c(q) = 3*q**2 + q + 2. Let v be c(-1). What are the prime factors of (-1 + v)*((-294)/(-9) + 1)?
101
Let c(a) = -a**3 + 20*a**2 - 10*a + 96. List the prime factors of c(17).
13, 61
Let z = 18 + -8. Suppose -6*i - 560 = -z*i. Suppose -3*c + i = 4*w - 22, 153 = 3*c + w. What are the prime factors of c?
2, 5
What are the prime factors of ((-10976)/7)/(-4) - 5?
3, 43
Suppose i - g + 0*g - 1412 = 0, 5*i - 4*g = 7059. List the prime factors of i.
17, 83
Suppose 0 = 3*p + 4*m - 227, 0*p = -p - 5*m + 94. Suppose -150 - p = -3*j. List the prime factors of j.
73
Suppose -5*q + 32 = -8. Suppose 2 = -5*y - q. What are the prime factors of (-3)/y*20/3?
2, 5
List the prime factors of (-1 + 0)/(2/(-9 - 529)).
269
Let u = 447 + -268. List the prime factors of u.
179
Let w(g) = 34*g + 5. What are the prime factors of w(5)?
5, 7
Let d(o) be the first derivative of 7*o**5/20 + o**4/12 + o**3/6 - 5*o**2/2 + 5. Let v(w) be the second derivative of d(w). List the prime factors of v(-1).
2, 5
Let a(o) = -19*o - 5. Let j(g) = -2*g. Let y be j(-2). Suppose -y*p - 13 + 1 = 0. List the prime factors of a(p).
2, 13
Let i be 12 - (-5 - -4 - 2). Let v = i + 20. What are the prime factors of v?
5, 7
Let h = -53 - -61. What are the prime factors of 254/h - 95/(-76)?
3, 11
Suppose p = 43*p - 51072. List the prime factors of p.
2, 19
Suppose 259*p = 265*p - 294. List the prime factors of p.
7
Let u be 8/(-3)*(-69)/46. Suppose -17 = -4*z + u*d + 19, -4*z + 37 = -5*d. List the prime factors of z.
2
Suppose 0 = t + 20*f - 19*f - 1662, 4996 = 3*t + f. What are the prime factors of t?
1667
Let y = -257 + 806. List the prime factors of y.
3, 61
Let g = -12 + 8. Let j(d) = d**3 + 3*d**2 + 2*d - 1. Let o be j(g). What are the prime factors of (-430)/o - (-2)/(-10)?
17
Suppose 12*o - 6 = 18*o. What are the prime factors of (o - (-360)/7) + (-30)/70?
2, 5
Suppose k - 3*q - 14 = -22, -3*q + 12 = 0. Let c(w) = 63*w - 1. Let o be c(1). Suppose z - o = -v, 310 = v + k*v + 3*z. List the prime factors of v.
2, 31
Let u be (2 - 1) + 6 - (-4 - -8). Suppose u*r + 19 = 61. What are the prime factors of r?
2, 7
Suppose t - 2259 = -5*y - 493, y - 357 = -4*t. List the prime factors of y.
353
Suppose -20*g + 25*g = 4335. List the prime factors of g.
3, 17
Let s(l) = -5 + 5*l**2 + 1 - 1 - 7*l + 8*l. What are the prime factors of s(-4)?
71
Let c be (-9 - -49)*(-64)/(-10). Let b = 391 - c. List the prime factors of b.
3, 5
Suppose -4*m - 40 + 0 = 0. Suppose 2*f = 2*z + 38, -54 = 5*z - 2*f + 41. Let g = m - z. List the prime factors of g.
3
Let v(u) = -u**3 + 18*u**2 - 40*u + 30. Let z be v(15). List the prime factors of (-1164)/(-10) - 7/(z/6).
2, 29
Suppose -125454 - 25098 = -51*g. What are the prime factors of g?
2, 3, 41
Let g(r) = r**3 + 3*r**2 - 2*r - 2. Let t(w) = -w**2 + 5*w + 3. Let p be t(6). Let v be g(p). Suppose -v*u = 47 - 139. List the prime factors of u.
23
Suppose -5*u + 188 = -u. Let y = 70 - u. Suppose -j + 2*s = -y, -2*s = 2*j - 14 - 2. List the prime factors of j.
13
Let c be 9/(-3) + -28 - -3. Let n = -25 - c. What are the prime factors of n/15 - 856/(-20)?
43
Let b(y) = y**3 + 11*y**2 - 13*y - 10. Let q be b(-12). Suppose q*f - 244 = -34. Suppose 0 = o - 6*o + f. List the prime factors of o.
3, 7
Suppose 151 = -5*q - 3*z + 10, z + 147 = -5*q. Let w = -19 - q. Suppose 14 = -w*u + 13*u. What are the prime factors of u?
7
Let t be 1*4/((-16)/(-20)). Suppose g + 2 = t. What are th